ctors of i.
2, 5
Suppose -j = -3*f + 5*f - 326, 310 = 2*f + 5*j. What are the prime factors of f?
3, 5, 11
List the prime factors of ((-40)/6)/(9/(-27)).
2, 5
Let i be 2 + 1 + -1 - 3. Let p = 17 - 8. Let o = i + p. What are the prime factors of o?
2
Let u be (-2)/5 - (-711)/15. Suppose -3*l + 62 = -2*r - u, 5*r - 153 = -4*l. List the prime factors of l.
37
List the prime factors of 27/36*32*1.
2, 3
Let k(g) = 8*g - 3. List the prime factors of k(2).
13
Let h = -22 + -19. Let f = -18 - h. List the prime factors of f.
23
Let f = -24 + 40. Suppose -4*g = -q - 4, -3*q = -0*g + 2*g - f. List the prime factors of 120/28 + g/(-7).
2
Let j(u) = 2*u + 8. Let d be j(-8). Let b be (-28)/d - 2/4. Suppose -b*q + 40 = 2*g, 0*q - 12 = -q - 2*g. List the prime factors of q.
2, 7
Suppose -8*a + 4*m + 208 = -4*a, -2*a + 5*m = -92. What are the prime factors of a?
2, 7
Let w = 4 - -16. Let l = w + -7. Suppose -2*a = 0, -4*g = 2*a - l - 3. List the prime factors of g.
2
Suppose 37 = -k + 172. Let v = k + -96. List the prime factors of v.
3, 13
Suppose -2*p + 7 = -1. Let g(s) = s**3 - 5*s**2 + 5*s + 4. List the prime factors of g(p).
2
Suppose 9*k = 4*k + 700. List the prime factors of k.
2, 5, 7
Let z = -3 - -6. Suppose -z*u = -5*u + 68. Suppose c = -0*y + 3*y - 6, -c - 5*y + u = 0. What are the prime factors of c?
3
Suppose 0 = -f - 42 + 13. Let j = -13 - f. What are the prime factors of j?
2
Let o(j) = j - 4. Let r be o(0). List the prime factors of (-118)/r - (-5)/(-10).
29
Suppose n + 21 = 5*o, 4*n - 3*n + 16 = 4*o. Let f be ((-2)/n)/(3/(-36)). Suppose -b = -2*j - 7, -4*b - 12 = -f*b + 5*j. What are the prime factors of b?
11
Let r = -3 + 4. Let o be (1 - (-12)/(-8))*-4. Suppose 15 = o*l - r. What are the prime factors of l?
2
Let b = 0 - -2. Suppose -2*t = 0, 5*t = 5*j - 5 - 20. Suppose -b*m + j = p, 3*m + 0*m - 30 = -4*p. List the prime factors of p.
3
Let b be (-5 - -6)/(2/8). Let g be 1*(5 - (b - 2)). Let k = g - -4. What are the prime factors of k?
7
Let w(o) = o**3 + o - 61. Let f be w(0). Let i = -42 - f. List the prime factors of i.
19
What are the prime factors of ((36/(-5))/(-6))/((-6)/(-440))?
2, 11
Suppose -2 - 3 = 5*b. Let r = 1 - b. Let f(w) = 3*w + 2. What are the prime factors of f(r)?
2
Let g = -7 - -11. Suppose -7*q + 4*q = -12, g*i = 2*q + 4. Suppose -2*h = i*h - 50. List the prime factors of h.
2, 5
Let n(i) be the third derivative of i**6/12 - i**5/60 - i**4/24 + i**3/6 - 5*i**2. What are the prime factors of n(1)?
3
List the prime factors of (-2 - 5/(-2))*(121 + -3).
59
Let u(m) = m**3 - 3*m**2 + 2*m + 2. Let x be u(2). What are the prime factors of ((-16)/12)/(x/(-12))?
2
Suppose 6*z + 198 = 3*p + 3*z, 4*p = -3*z + 285. Let t = p - 48. Suppose -3*x - 21 = -3*o, 3 = -3*o + 4*x + t. What are the prime factors of o?
2, 5
Suppose -4*u + 86 = 2*i - 2*u, i = u + 47. List the prime factors of 2/3*i/6.
5
Let i be 50/18 - 8/(-36). Suppose -3*j + 2*d + 37 = 0, 2*j + 17 = i*j + 4*d. Let p = -2 + j. What are the prime factors of p?
11
Let v = 3 + 1. Suppose -2*k + 12 = -v*l, 32 = 5*k - 4*l - 4. What are the prime factors of k?
2
Let i(w) = 3*w + 5. List the prime factors of i(20).
5, 13
Let w(k) = k**3 + 7*k**2 - k - 7. Let y be w(-7). Suppose -3*g + 15 = 2*b, y*b - 12 = -3*g - b. List the prime factors of g.
3
Suppose -f = -3*f - 6. Let z be 19 - 1 - (2 - 2). List the prime factors of z/2*(-2)/f.
2, 3
Let f(w) = -7*w**2 + 8*w + 15. Let y(a) = 20*a**2 - 24*a - 44. Let z(k) = -17*f(k) - 6*y(k). What are the prime factors of z(7)?
2
Let q = 3 - 10. List the prime factors of (36/(-14))/(1/q).
2, 3
Let w(r) = r**3 - r**2 + 3*r. What are the prime factors of w(3)?
3
Suppose -5*l - 12 = -10*l - 4*y, 5*y - 15 = 2*l. Suppose 3*s = -5*b - 0*s + 33, -5*s - 19 = -4*b. Let g = b + l. List the prime factors of g.
2, 3
Suppose -4*s + 5*r = 13 + 7, 2*s = -5*r + 20. Suppose 0 = -s*c + 4*c. Suppose c*j = 3*j - 18. List the prime factors of j.
2, 3
Let p = 17 - -24. List the prime factors of p.
41
Let v = 5 + 17. Suppose 2*r = -0*r + v. Let y = -5 + r. List the prime factors of y.
2, 3
Suppose 0 = -x - 3, -5*d + 92 - 10 = x. What are the prime factors of d?
17
Let m be 1/(6/4 + -1). Suppose 0 = t - o - m + 1, 5*o - 15 = t. List the prime factors of t.
5
Let z = 42 + 134. List the prime factors of z.
2, 11
Let i(m) = m**3 - 4*m**2 - 4*m + 3. Let u be (0 - 0) + (4 - -1). Let d be i(u). Let b = d - 1. List the prime factors of b.
7
Let t(l) = -22*l. Let w be t(-2). Suppose -5*s = 4*q - 77 - 56, -5*q - w = -s. Let x = s - 12. List the prime factors of x.
17
Suppose z = 3*y - 102, 0*z + 170 = 5*y - 3*z. Suppose 0 = -l + 7 + y. List the prime factors of l.
41
Suppose -y = 3*y. Suppose y*w + 3 = -w. What are the prime factors of (-4)/(-3 - (w - -2))?
2
Suppose 0 = 2*f - 5*w - 14, 5*f - 4*w = -5*w + 8. Suppose v = 5*g - 7, -f*g - 8 = -0*g - 4*v. Suppose -3*m + 15 = -g*m. List the prime factors of m.
3, 5
Suppose 2*y + 12 = y. Let n = y - -14. List the prime factors of n.
2
Let b(h) = -h**3 - 2*h**2 - 3*h - 2. Let z be b(-2). Suppose r + z - 17 = 0. List the prime factors of r.
13
Let f(s) = -s**2 - 5*s - 9. Let t be f(-6). Let r = 21 + t. List the prime factors of r.
2, 3
Suppose -4*a - 26 = -2*v, -2*v + 9 + 2 = -a. Suppose -12 = -5*r + 138. Suppose 5*l - r = v*l. List the prime factors of l.
3, 5
What are the prime factors of ((-25)/(-2))/(3/6)?
5
Let y = -5 + 10. Suppose -n + 8 = m, 4*n = y*m - 0*n - 67. List the prime factors of m.
11
Let w = 145 + -69. Suppose 13 + w = 3*x - 2*c, x - 27 = -2*c. List the prime factors of x.
29
Suppose 332 = 2*z - 5*t, -173 = 2*z - 3*z - t. List the prime factors of z.
3, 19
Let s(u) = 6*u - 2. Let j be s(8). Suppose -d + 2*d - j = 0. What are the prime factors of 4*(-2)/(-16)*d?
23
Let c(s) be the first derivative of 7*s**2/2 + 1. What are the prime factors of c(2)?
2, 7
Let a(c) = c**2 - c + 2. Let g be a(0). Suppose -60 = -7*i + g*i. Suppose -r + 3*r = i. List the prime factors of r.
2, 3
Let k be 8/20 + 124/(-10). What are the prime factors of -1*(k + (0 - -2))?
2, 5
Let d(x) = -4*x**3 + 7*x + 0 - 2 + 3*x**3 + 7 - 6*x**2. Let g be d(-7). Suppose g*w + 0*w = 25. What are the prime factors of w?
5
Let l = 0 - 0. Suppose -n = -l*n - 1. Let t = n + 2. What are the prime factors of t?
3
Let g be -7*7/((-49)/2). Suppose 7*m - g*m - 10 = 0. Suppose 0 = m*n + 17 - 39. List the prime factors of n.
11
Let c = 8 - 7. Suppose -4*n = 4*k, -k = 3*n - 3 - c. Suppose -38 = -2*g - n*x, 5*g + 2*x - 55 = 2*g. List the prime factors of g.
17
Let y(f) = -f**2 - 8*f + 13. Suppose -22 = 3*c + 5*j, -3*j + 32 = -4*c - 7. Let k be y(c). Let g = 9 - k. List the prime factors of g.
5
Let c = -10 - -16. Let v = c + -4. What are the prime factors of ((-3)/v)/((-3)/4)?
2
Let s(l) = 226*l**2 - l. What are the prime factors of s(1)?
3, 5
Suppose 4*j + 68 = -136. Let y = -36 - j. List the prime factors of y.
3, 5
Let x(i) = -i**3 - 10*i**2 - 2*i - 8. Let g be x(-10). List the prime factors of (2/4)/(3/g).
2
Let v(o) = -o + 6. Let c = -14 + 7. What are the prime factors of v(c)?
13
Suppose 4*j = 5*m - 164, 2*m + 3*j + 2*j - 59 = 0. Suppose -m = q - 3*q. List the prime factors of q.
2
Let q = 770 - 430. List the prime factors of q.
2, 5, 17
Let j be 42/(-9) + 4/6. Let f be j/16 - 1/(-4). Let z = 2 + f. List the prime factors of z.
2
Let d = -14 + 2. Let b = 19 + d. Let m = b - -1. List the prime factors of m.
2
Suppose g - 4 = -g. Suppose -t = -g - 5. Let r = t - -5. List the prime factors of r.
2, 3
Let z be (0 - 1)*(-1 - 0). What are the prime factors of z/2*(25 - 1)?
2, 3
Let a(y) be the second derivative of -y**5/20 - 7*y**4/12 - 5*y**3/6 + 4*y**2 - y. Let c = -13 + 7. List the prime factors of a(c).
2
Suppose 10 = 11*a - 6*a. Suppose 7 = 2*b - n, -4*n - a - 5 = -b. List the prime factors of b.
3
Let b = 52 + -21. List the prime factors of b.
31
Let c = -10 + 92. List the prime factors of c.
2, 41
Suppose 3*q + 13 = 2*s, -5*q + 2*s = 6*s + 7. Let j be 16/3 - 4/(-6). List the prime factors of 3*q*j/(-27).
2
Let u = 15 + -8. Let t(r) = 3*r - 6. Let l be t(u). Let m = l - 5. List the prime factors of m.
2, 5
Suppose 9*v - 4*v = 3*h + 108, 60 = 2*v + 3*h. Suppose -5*f + 5*r + 50 = 0, 3*f - 5*r - v = 2. Suppose -j = -2*j + f. List the prime factors of j.
2, 3
Suppos